{"id":461,"date":"2022-05-31T16:32:11","date_gmt":"2022-05-31T16:32:11","guid":{"rendered":"https:\/\/reactivalab.ec\/?post_type=product&#038;p=461"},"modified":"2026-03-29T20:19:29","modified_gmt":"2026-03-30T01:19:29","slug":"cajas-de-reactivalab-egb","status":"publish","type":"product","link":"https:\/\/reactivalab.ec\/index.php\/producto\/cajas-de-reactivalab-egb\/","title":{"rendered":"Cajas Reactivalab para cada nivel de Educaci\u00f3n General B\u00e1sica (EGB)"},"content":{"rendered":"<p>Solo utilizamos sustancias aprobadas en la lista especial de sustancias permitidas en juegos de qu\u00edmica para ni\u00f1os seg\u00fan la norma EN-71-4 del Comit\u00e9 Europeo de Normalizaci\u00f3n.<\/p>\n","protected":false},"excerpt":{"rendered":"<p style=\"margin-top: 0cm; text-align: justify; background: white;\"><span style=\"font-family: 'Segoe UI',sans-serif; color: #333333; background: white;\">Son Cajas de 25 experimentos espec\u00edficamente creadas para cada nivel de Educaci\u00f3n General B\u00e1sica (de segundo a d\u00e9cimo grado) a fin de que las y los estudiantes desarrollen habilidades cient\u00edficas y de pensamiento que los lleven a construir conocimientos de Qu\u00edmica por medio de su interacci\u00f3n y experimentaci\u00f3n con los elementos de su entorno, descubriendo as\u00ed de manera interactiva el mundo exterior que los rodea. Los experimentos est\u00e1n orientados a fijar conceptos fundamentales que sirvan de bases para la instrucci\u00f3n de contenidos en la etapa de Bachillerato. En cada a\u00f1o escolar vienen diferentes instrumentos y material de laboratorio que pueden guardrase con el objetivo de que le stuidante al final de sus nueve a\u00f1os de estudio de EGB puedan contar con los implementos de su propio \u00abLaboratorio de Qu\u00edmica\u00bb en casa<\/span><\/p>\n<p>&nbsp;<\/p>\n","protected":false},"featured_media":462,"comment_status":"open","ping_status":"closed","template":"","meta":{"_joinchat":[]},"product_cat":[18],"product_tag":[],"class_list":{"0":"post-461","1":"product","2":"type-product","3":"status-publish","4":"has-post-thumbnail","6":"product_cat-reactivalab","8":"first","9":"instock","10":"taxable","11":"shipping-taxable","12":"purchasable","13":"product-type-simple"},"_links":{"self":[{"href":"https:\/\/reactivalab.ec\/index.php\/wp-json\/wp\/v2\/product\/461","targetHints":{"allow":["GET"]}}],"collection":[{"href":"https:\/\/reactivalab.ec\/index.php\/wp-json\/wp\/v2\/product"}],"about":[{"href":"https:\/\/reactivalab.ec\/index.php\/wp-json\/wp\/v2\/types\/product"}],"replies":[{"embeddable":true,"href":"https:\/\/reactivalab.ec\/index.php\/wp-json\/wp\/v2\/comments?post=461"}],"wp:featuredmedia":[{"embeddable":true,"href":"https:\/\/reactivalab.ec\/index.php\/wp-json\/wp\/v2\/media\/462"}],"wp:attachment":[{"href":"https:\/\/reactivalab.ec\/index.php\/wp-json\/wp\/v2\/media?parent=461"}],"wp:term":[{"taxonomy":"product_cat","embeddable":true,"href":"https:\/\/reactivalab.ec\/index.php\/wp-json\/wp\/v2\/product_cat?post=461"},{"taxonomy":"product_tag","embeddable":true,"href":"https:\/\/reactivalab.ec\/index.php\/wp-json\/wp\/v2\/product_tag?post=461"}],"curies":[{"name":"wp","href":"https:\/\/api.w.org\/{rel}","templated":true}]}}