{"id":459,"date":"2022-05-31T16:30:56","date_gmt":"2022-05-31T16:30:56","guid":{"rendered":"https:\/\/reactivalab.ec\/?post_type=product&#038;p=459"},"modified":"2025-09-26T22:55:08","modified_gmt":"2025-09-27T03:55:08","slug":"cajas-de-reactivalab-pre-escolar","status":"publish","type":"product","link":"https:\/\/reactivalab.ec\/index.php\/producto\/cajas-de-reactivalab-pre-escolar\/","title":{"rendered":"Cajas Reactivalab para Pre-Escolar"},"content":{"rendered":"<p>Solo utilizamos sustancias aprobadas en la lista especial de sustancias permitidas en juegos de qu\u00edmica para ni\u00f1os seg\u00fan la norma EN-71-4 del Comit\u00e9 Europeo de Normalizaci\u00f3n.<\/p>\n","protected":false},"excerpt":{"rendered":"<p>Tambi\u00e9n llamado \u00abLaboratorio Itinerante de Qu\u00edmica\u00bb consiste en una caja de 20 experimentos desarrollada con intencionalidad y cuidado pensando tanto en las competencias de aprendizaje propias de cada edad (3, 4 y 5 a\u00f1os) como en las habilidades motrices que ya tienen adquiridas las ni\u00f1as y ni\u00f1os para entonces, lo cual permite la satisfactoria ejecuci\u00f3n de las pr\u00e1cticas. Los experimentos est\u00e1n orientados a introducir a los ni\u00f1os m\u00e1s peque\u00f1os en el mundo de la ciencia a trav\u00e9s de pr\u00e1cticas sencillas de qu\u00edmica, que incentivan la indagaci\u00f3n, la observaci\u00f3n y la reflexi\u00f3n y permiten aprender conceptos como \u00e1cidos, bases, volumen y densidad y fen\u00f3menos naturales. Cada 15 d\u00edas un instructor de Laboratorios HVO visitar\u00e1 el establecimiento educativo (piloto en la ciudad de Quito) y desarrollar\u00e1 las pr\u00e1cticas con los alumnos, quienes igualmente pueden ingresar a los recursos virtuales disponibles en donde desarrollan tanto actividades s\u00edncronas como as\u00edncronas que reafirman el aprendizaje.   <\/p>\n<p>&nbsp;<\/p>\n","protected":false},"featured_media":460,"comment_status":"open","ping_status":"closed","template":"","meta":{"_joinchat":[]},"product_cat":[18],"product_tag":[],"class_list":{"0":"post-459","1":"product","2":"type-product","3":"status-publish","4":"has-post-thumbnail","6":"product_cat-reactivalab","8":"first","9":"instock","10":"taxable","11":"shipping-taxable","12":"purchasable","13":"product-type-simple"},"_links":{"self":[{"href":"https:\/\/reactivalab.ec\/index.php\/wp-json\/wp\/v2\/product\/459","targetHints":{"allow":["GET"]}}],"collection":[{"href":"https:\/\/reactivalab.ec\/index.php\/wp-json\/wp\/v2\/product"}],"about":[{"href":"https:\/\/reactivalab.ec\/index.php\/wp-json\/wp\/v2\/types\/product"}],"replies":[{"embeddable":true,"href":"https:\/\/reactivalab.ec\/index.php\/wp-json\/wp\/v2\/comments?post=459"}],"wp:featuredmedia":[{"embeddable":true,"href":"https:\/\/reactivalab.ec\/index.php\/wp-json\/wp\/v2\/media\/460"}],"wp:attachment":[{"href":"https:\/\/reactivalab.ec\/index.php\/wp-json\/wp\/v2\/media?parent=459"}],"wp:term":[{"taxonomy":"product_cat","embeddable":true,"href":"https:\/\/reactivalab.ec\/index.php\/wp-json\/wp\/v2\/product_cat?post=459"},{"taxonomy":"product_tag","embeddable":true,"href":"https:\/\/reactivalab.ec\/index.php\/wp-json\/wp\/v2\/product_tag?post=459"}],"curies":[{"name":"wp","href":"https:\/\/api.w.org\/{rel}","templated":true}]}}