{"id":457,"date":"2022-05-31T16:30:39","date_gmt":"2022-05-31T16:30:39","guid":{"rendered":"https:\/\/reactivalab.ec\/?post_type=product&#038;p=457"},"modified":"2026-02-21T02:21:09","modified_gmt":"2026-02-21T07:21:09","slug":"magia-quimica","status":"publish","type":"product","link":"https:\/\/reactivalab.ec\/index.php\/producto\/magia-quimica\/","title":{"rendered":"Magia Qu\u00edmica (Cajas Reactivalab para Aprendizaje L\u00fadico)"},"content":{"rendered":"<p>Cada caja contiene 25 actividades.\u00a0 Los kits proveen materiales e insumos necesarios para las pr\u00e1cticas y brindan acceso a recursos virtuales para generar una experiencia integral de aprendizaje.<\/p>\n<p>Solo utilizamos sustancias aprobadas en la lista especial de sustancias permitidas en juegos de qu\u00edmica para ni\u00f1os seg\u00fan la norma EN-71-4 del Comit\u00e9 Europeo de Normalizaci\u00f3n.<\/p>\n","protected":false},"excerpt":{"rendered":"<p>Para juego sensorial y aprendizaje l\u00fadico ofrecemos cajas (kits) con experimentos divertidos que permiten a ni\u00f1os entre 5 y 11 a\u00f1os aprender sobre Qu\u00edmica a trav\u00e9s de la exploraci\u00f3n y el juego, y descubrir la \u201cmagia\u201d detr\u00e1s de los elementos qu\u00edmicos y su combinaci\u00f3n.<\/p>\n<p>&nbsp;<\/p>\n","protected":false},"featured_media":458,"comment_status":"open","ping_status":"closed","template":"","meta":{"_joinchat":[]},"product_cat":[18],"product_tag":[],"class_list":{"0":"post-457","1":"product","2":"type-product","3":"status-publish","4":"has-post-thumbnail","6":"product_cat-reactivalab","8":"first","9":"instock","10":"taxable","11":"shipping-taxable","12":"purchasable","13":"product-type-simple"},"_links":{"self":[{"href":"https:\/\/reactivalab.ec\/index.php\/wp-json\/wp\/v2\/product\/457","targetHints":{"allow":["GET"]}}],"collection":[{"href":"https:\/\/reactivalab.ec\/index.php\/wp-json\/wp\/v2\/product"}],"about":[{"href":"https:\/\/reactivalab.ec\/index.php\/wp-json\/wp\/v2\/types\/product"}],"replies":[{"embeddable":true,"href":"https:\/\/reactivalab.ec\/index.php\/wp-json\/wp\/v2\/comments?post=457"}],"wp:featuredmedia":[{"embeddable":true,"href":"https:\/\/reactivalab.ec\/index.php\/wp-json\/wp\/v2\/media\/458"}],"wp:attachment":[{"href":"https:\/\/reactivalab.ec\/index.php\/wp-json\/wp\/v2\/media?parent=457"}],"wp:term":[{"taxonomy":"product_cat","embeddable":true,"href":"https:\/\/reactivalab.ec\/index.php\/wp-json\/wp\/v2\/product_cat?post=457"},{"taxonomy":"product_tag","embeddable":true,"href":"https:\/\/reactivalab.ec\/index.php\/wp-json\/wp\/v2\/product_tag?post=457"}],"curies":[{"name":"wp","href":"https:\/\/api.w.org\/{rel}","templated":true}]}}