{"id":82,"date":"2021-12-09T03:04:13","date_gmt":"2021-12-09T03:04:13","guid":{"rendered":"https:\/\/reactivalab.ec\/?page_id=82"},"modified":"2022-08-31T19:26:53","modified_gmt":"2022-08-31T19:26:53","slug":"reactivalab","status":"publish","type":"page","link":"https:\/\/reactivalab.ec\/index.php\/reactivalab\/","title":{"rendered":"ReactivaLab"},"content":{"rendered":"\t<div class=\"box has-hover   has-hover box-text-bottom\" >\n\n\t\t<div class=\"box-image\" >\n\t\t\t\t\t\t<div class=\"image-glow\" >\n\t\t\t\t<img loading=\"lazy\" decoding=\"async\" width=\"1500\" height=\"746\" src=\"https:\/\/reactivalab.ec\/wp-content\/uploads\/2021\/12\/imagresp1.png\" class=\"attachment- size-\" alt=\"\" srcset=\"https:\/\/reactivalab.ec\/wp-content\/uploads\/2021\/12\/imagresp1.png 1500w, https:\/\/reactivalab.ec\/wp-content\/uploads\/2021\/12\/imagresp1-300x149.png 300w, https:\/\/reactivalab.ec\/wp-content\/uploads\/2021\/12\/imagresp1-1024x509.png 1024w, https:\/\/reactivalab.ec\/wp-content\/uploads\/2021\/12\/imagresp1-768x382.png 768w, https:\/\/reactivalab.ec\/wp-content\/uploads\/2021\/12\/imagresp1-600x298.png 600w\" sizes=\"auto, (max-width: 1500px) 100vw, 1500px\" \/>\t\t\t\t\t\t\t\t\t\t\t<\/div>\n\t\t\t\t\t<\/div>\n\n\t\t<div class=\"box-text text-center\" style=\"padding:0px 0px 0px 0px;\">\n\t\t\t<div class=\"box-text-inner\">\n\t\t\t\t\n\n\t<div id=\"text-417068399\" class=\"text\">\n\t\t\n\n<h1 dir=\"ltr\">\u00bfPor qu\u00e9 escoger nuestros productos?<\/h1>\n\t\t\n<style>\n#text-417068399 {\n  font-size: 2rem;\n  color: rgb(0,0,0);\n}\n<\/style>\n\t<\/div>\n\t\n\n\t\t\t<\/div>\n\t\t<\/div>\n\t<\/div>\n\t\n\t<section class=\"section\" id=\"section_1259543422\">\n\t\t<div class=\"bg section-bg fill bg-fill  bg-loaded\" >\n\n\t\t\t\n\t\t\t\n\t\t\t\n\n\t\t<\/div>\n\n\t\t<div class=\"section-content relative\">\n\t\t\t\n\n<div class=\"row align-middle\"  id=\"row-2067817228\">\n\n\n\t<div id=\"col-1880814942\" class=\"col medium-12 small-12 large-6\"  >\n\t\t<div class=\"col-inner\"  >\n\t\t\t\n\t\t\t\n\n\n  <div class=\"banner has-hover\" id=\"banner-1581982941\">\n          <div class=\"banner-inner fill\">\n        <div class=\"banner-bg fill\" >\n            <div class=\"bg fill bg-fill \"><\/div>\n                                    \n                    <\/div>\n        <div class=\"banner-layers container\">\n            <div class=\"fill banner-link\"><\/div>            \n\n   <div id=\"text-box-741534258\" class=\"text-box banner-layer x50 md-x50 lg-x50 y50 md-y50 lg-y50 res-text\">\n                                <div class=\"text dark\">\n              \n              <div class=\"text-inner text-center\">\n                  \n\n\n              <\/div>\n           <\/div>\n                            \n<style>\n#text-box-741534258 {\n  width: 60%;\n}\n#text-box-741534258 .text {\n  font-size: 100%;\n}\n<\/style>\n    <\/div>\n \n\n        <\/div>\n      <\/div>\n\n              <div class=\"height-fix is-invisible\"><img loading=\"lazy\" decoding=\"async\" width=\"600\" height=\"400\" src=\"https:\/\/reactivalab.ec\/wp-content\/uploads\/2021\/12\/support1.png\" class=\"attachment-large size-large\" alt=\"\" srcset=\"https:\/\/reactivalab.ec\/wp-content\/uploads\/2021\/12\/support1.png 600w, https:\/\/reactivalab.ec\/wp-content\/uploads\/2021\/12\/support1-300x200.png 300w\" sizes=\"auto, (max-width: 600px) 100vw, 600px\" \/><\/div>\n            \n<style>\n#banner-1581982941 .bg.bg-loaded {\n  background-image: url(https:\/\/reactivalab.ec\/wp-content\/uploads\/2021\/12\/support1.png);\n}\n#banner-1581982941 {\n  background-color: rgb(255, 255, 255);\n}\n#banner-1581982941 .bg {\n  background-position: 35% 56%;\n}\n<\/style>\n  <\/div>\n\n\n\n\t\t<\/div>\n\t\t\t<\/div>\n\n\t\n\n\t<div id=\"col-1988782115\" class=\"col medium-12 small-12 large-6\"  >\n\t\t<div class=\"col-inner\"  >\n\t\t\t\n\t\t\t\n\n\t<div id=\"gap-1712749134\" class=\"gap-element clearfix\" style=\"display:block; height:auto;\">\n\t\t\n<style>\n#gap-1712749134 {\n  padding-top: 10px;\n}\n@media (min-width:850px) {\n  #gap-1712749134 {\n    padding-top: 30px;\n  }\n}\n<\/style>\n\t<\/div>\n\t\n\n\t<div id=\"text-947292987\" class=\"text\">\n\t\t\n\n<h3 dir=\"ltr\">Respaldo de Laboratorios HVO<\/h3>\n\t\t\n<style>\n#text-947292987 {\n  font-size: 1.5rem;\n}\n<\/style>\n\t<\/div>\n\t\n<p dir=\"ltr\">Laboratorios HVO arranc\u00f3 con su l\u00ednea de productos para educaci\u00f3n en 1987 y logr\u00f3 posicionarse en el mercado nacional a tal punto que pr\u00e1cticamente todos los Laboratorios de Ciencias de las distintas Unidades Educativas del Pa\u00eds cuentan con nuestros productos en sus inventarios. Durante las tres \u00faltimas d\u00e9cadas, HVO se ha convertido en sin\u00f3nimo de ense\u00f1anza de Qu\u00edmica en Ecuador. Para este siglo, esa expansi\u00f3n se ha potenciado a\u00fan m\u00e1s gracias a nuestros distribuidores y subdistribuidores a nivel nacional. Nuestra visi\u00f3n de corto plazo es pronto alzanzar el mercado de la Comunidad Andina<\/p>\n\n\t\t<\/div>\n\t\t\n<style>\n#col-1988782115 > .col-inner {\n  padding: 0px 0px 0px 0;\n}\n@media (min-width:850px) {\n  #col-1988782115 > .col-inner {\n    padding: 0px 0px 0px 10%;\n  }\n}\n<\/style>\n\t<\/div>\n\n\t\n\n<\/div>\n<div class=\"row align-middle\"  id=\"row-416109120\">\n\n\n\t<div id=\"col-538984904\" class=\"col medium-12 small-12 large-6\"  >\n\t\t<div class=\"col-inner\"  >\n\t\t\t\n\t\t\t\n\n\n  <div class=\"banner has-hover\" id=\"banner-835043785\">\n          <div class=\"banner-inner fill\">\n        <div class=\"banner-bg fill\" >\n            <div class=\"bg fill bg-fill \"><\/div>\n                                    \n                    <\/div>\n        <div class=\"banner-layers container\">\n            <div class=\"fill banner-link\"><\/div>            \n\n   <div id=\"text-box-820973656\" class=\"text-box banner-layer x50 md-x50 lg-x50 y50 md-y50 lg-y50 res-text\">\n                                <div class=\"text dark\">\n              \n              <div class=\"text-inner text-center\">\n                  \n\n\n              <\/div>\n           <\/div>\n                            \n<style>\n#text-box-820973656 {\n  width: 60%;\n}\n#text-box-820973656 .text {\n  font-size: 100%;\n}\n<\/style>\n    <\/div>\n \n\n        <\/div>\n      <\/div>\n\n              <div class=\"height-fix is-invisible\"><img loading=\"lazy\" decoding=\"async\" width=\"600\" height=\"400\" src=\"https:\/\/reactivalab.ec\/wp-content\/uploads\/2021\/12\/support2.png\" class=\"attachment-large size-large\" alt=\"\" srcset=\"https:\/\/reactivalab.ec\/wp-content\/uploads\/2021\/12\/support2.png 600w, https:\/\/reactivalab.ec\/wp-content\/uploads\/2021\/12\/support2-300x200.png 300w\" sizes=\"auto, (max-width: 600px) 100vw, 600px\" \/><\/div>\n            \n<style>\n#banner-835043785 .bg.bg-loaded {\n  background-image: url(https:\/\/reactivalab.ec\/wp-content\/uploads\/2021\/12\/support2.png);\n}\n#banner-835043785 {\n  background-color: rgb(255, 255, 255);\n}\n#banner-835043785 .bg {\n  background-position: 35% 56%;\n}\n<\/style>\n  <\/div>\n\n\n\n\t\t<\/div>\n\t\t\t<\/div>\n\n\t\n\n\t<div id=\"col-416255502\" class=\"col medium-12 small-12 large-6\"  >\n\t\t<div class=\"col-inner\"  >\n\t\t\t\n\t\t\t\n\n\t<div id=\"gap-1864740840\" class=\"gap-element clearfix\" style=\"display:block; height:auto;\">\n\t\t\n<style>\n#gap-1864740840 {\n  padding-top: 10px;\n}\n@media (min-width:850px) {\n  #gap-1864740840 {\n    padding-top: 30px;\n  }\n}\n<\/style>\n\t<\/div>\n\t\n\n\t<div id=\"text-407461056\" class=\"text\">\n\t\t\n\n<h3 dir=\"ltr\">Creado por Acad\u00e9micos<\/h3>\n\t\t\n<style>\n#text-407461056 {\n  font-size: 1.5rem;\n}\n<\/style>\n\t<\/div>\n\t\n<p>Nuestro equipo de desarrollo est\u00e1 liderado por un Doctor en Qu\u00edmica con m\u00e1s de 48 a\u00f1os de experiencia, que se complementa con un equipo de educadores, desde parvularios hasta universitarios, con competencia en investigaci\u00f3n y en ense\u00f1anza en entornos virtuales. A esto se suma la motivaci\u00f3n de cada uno de ellos en su rol de padres. \u00ab<strong>Como cient\u00edficos, educadores y padres sabemos lo que hacemos y para qui\u00e9n lo estamos haciendo<\/strong>\u00ab.<\/p>\n\n\t\t<\/div>\n\t\t\n<style>\n#col-416255502 > .col-inner {\n  padding: 0px 0px 0px 0;\n}\n@media (min-width:850px) {\n  #col-416255502 > .col-inner {\n    padding: 0px 0px 0px 10%;\n  }\n}\n<\/style>\n\t<\/div>\n\n\t\n\n<\/div>\n<div class=\"row align-middle\"  id=\"row-140170450\">\n\n\n\t<div id=\"col-49245436\" class=\"col medium-12 small-12 large-6\"  >\n\t\t<div class=\"col-inner\"  >\n\t\t\t\n\t\t\t\n\n\n  <div class=\"banner has-hover\" id=\"banner-222030601\">\n          <div class=\"banner-inner fill\">\n        <div class=\"banner-bg fill\" >\n            <div class=\"bg fill bg-fill \"><\/div>\n                                    \n                    <\/div>\n        <div class=\"banner-layers container\">\n            <div class=\"fill banner-link\"><\/div>            \n\n   <div id=\"text-box-1173772713\" class=\"text-box banner-layer x50 md-x50 lg-x50 y50 md-y50 lg-y50 res-text\">\n                                <div class=\"text dark\">\n              \n              <div class=\"text-inner text-center\">\n                  \n\n\n              <\/div>\n           <\/div>\n                            \n<style>\n#text-box-1173772713 {\n  width: 60%;\n}\n#text-box-1173772713 .text {\n  font-size: 100%;\n}\n<\/style>\n    <\/div>\n \n\n        <\/div>\n      <\/div>\n\n              <div class=\"height-fix is-invisible\"><img loading=\"lazy\" decoding=\"async\" width=\"600\" height=\"400\" src=\"https:\/\/reactivalab.ec\/wp-content\/uploads\/2021\/12\/infog4.jpg\" class=\"attachment-large size-large\" alt=\"\" srcset=\"https:\/\/reactivalab.ec\/wp-content\/uploads\/2021\/12\/infog4.jpg 600w, https:\/\/reactivalab.ec\/wp-content\/uploads\/2021\/12\/infog4-300x200.jpg 300w\" sizes=\"auto, (max-width: 600px) 100vw, 600px\" \/><\/div>\n            \n<style>\n#banner-222030601 .bg.bg-loaded {\n  background-image: url(https:\/\/reactivalab.ec\/wp-content\/uploads\/2021\/12\/infog4.jpg);\n}\n#banner-222030601 {\n  background-color: rgb(255, 255, 255);\n}\n#banner-222030601 .bg {\n  background-position: 35% 56%;\n}\n<\/style>\n  <\/div>\n\n\n\n\t\t<\/div>\n\t\t\t<\/div>\n\n\t\n\n\t<div id=\"col-1929100132\" class=\"col medium-12 small-12 large-6\"  >\n\t\t<div class=\"col-inner\"  >\n\t\t\t\n\t\t\t\n\n\t<div id=\"gap-1105698843\" class=\"gap-element clearfix\" style=\"display:block; height:auto;\">\n\t\t\n<style>\n#gap-1105698843 {\n  padding-top: 10px;\n}\n@media (min-width:850px) {\n  #gap-1105698843 {\n    padding-top: 30px;\n  }\n}\n<\/style>\n\t<\/div>\n\t\n\n\t<div id=\"text-2835913881\" class=\"text\">\n\t\t\n\n<h3 dir=\"ltr\">Reinventando el Aprendizaje<\/h3>\n\t\t\n<style>\n#text-2835913881 {\n  font-size: 1.5rem;\n}\n<\/style>\n\t<\/div>\n\t\n<p dir=\"ltr\">En Ecuador durante el a\u00f1o 2022 m\u00e1s de noventa mil estudiantes postularon a las diferentes carreras universitarias. El primer lugar en postulaciones lo obtuvo Derecho con quince mil estudiantes, el segundo medicina con trece mil estudiantes,&nbsp; mientras Enfermer\u00eda ocup\u00f3 el tercer lugar con doce mil estudiantes. Por su parte las carreras de Ciencias Experimentales registraron <strong>diecisiete postulaciones<\/strong>. Al preguntar a los chicos de bachillerato \u00bfpor qu\u00e9 esta postulaci\u00f3n era tan baja? Ellos responderion que nunca les ense\u00f1aron Ciencias Experimentales de una manera pr\u00e1ctica para la vida diaria y que desconocen su campo de aplicaci\u00f3n. Reactivalab pretende justamente cambiar esa visi\u00f3n de los estudiantes para fomentra los centros de Investigaci\u00f3n y Desarrollo como parte del crecimiento empresarial en nuestro pa\u00eds. \u00bfSab\u00edas que un Qu\u00edmico puede ganar entre 80 y 150 mil d\u00f3lares anuales?<\/p>\n\n\t\t<\/div>\n\t\t\n<style>\n#col-1929100132 > .col-inner {\n  padding: 0px 0px 0px 0;\n}\n@media (min-width:850px) {\n  #col-1929100132 > .col-inner {\n    padding: 0px 0px 0px 10%;\n  }\n}\n<\/style>\n\t<\/div>\n\n\t\n\n<\/div>\n\n\t\t<\/div>\n\n\t\t\n<style>\n#section_1259543422 {\n  padding-top: 40px;\n  padding-bottom: 40px;\n}\n@media (min-width:850px) {\n  #section_1259543422 {\n    padding-top: 0px;\n    padding-bottom: 0px;\n  }\n}\n<\/style>\n\t<\/section>\n\t\n\t<section class=\"section\" id=\"section_1781370240\">\n\t\t<div class=\"bg section-bg fill bg-fill  bg-loaded\" >\n\n\t\t\t\n\t\t\t\n\t\t\t\n\n\t\t<\/div>\n\n\t\t<div class=\"section-content relative\">\n\t\t\t\n\n\t<div class=\"box has-hover   has-hover box-text-bottom\" >\n\n\t\t<div class=\"box-image\" >\n\t\t\t\t\t\t<div class=\"\" >\n\t\t\t\t<img loading=\"lazy\" decoding=\"async\" width=\"1281\" height=\"116\" src=\"https:\/\/reactivalab.ec\/wp-content\/uploads\/2021\/12\/bannerdecor3.png\" class=\"attachment- size-\" alt=\"\" srcset=\"https:\/\/reactivalab.ec\/wp-content\/uploads\/2021\/12\/bannerdecor3.png 1281w, https:\/\/reactivalab.ec\/wp-content\/uploads\/2021\/12\/bannerdecor3-300x27.png 300w, https:\/\/reactivalab.ec\/wp-content\/uploads\/2021\/12\/bannerdecor3-1024x93.png 1024w, https:\/\/reactivalab.ec\/wp-content\/uploads\/2021\/12\/bannerdecor3-768x70.png 768w, https:\/\/reactivalab.ec\/wp-content\/uploads\/2021\/12\/bannerdecor3-600x54.png 600w\" sizes=\"auto, (max-width: 1281px) 100vw, 1281px\" \/>\t\t\t\t\t\t\t\t\t\t\t<\/div>\n\t\t\t\t\t<\/div>\n\n\t\t<div class=\"box-text text-center\" >\n\t\t\t<div class=\"box-text-inner\">\n\t\t\t\t\n\n\t<div id=\"text-948608853\" class=\"text\">\n\t\t\n\n<h2>Productos de Calidad<\/h2>\n\t\t\n<style>\n#text-948608853 {\n  font-size: 1.75rem;\n}\n<\/style>\n\t<\/div>\n\t\n\n\t\t\t<\/div>\n\t\t<\/div>\n\t<\/div>\n\t\n<div class=\"row align-center\"  id=\"row-1661535188\">\n\n\n\t<div id=\"col-1208666587\" class=\"col medium-12 small-12 large-10\"  >\n\t\t<div class=\"col-inner\"  >\n\t\t\t\n\t\t\t\n\n<div class=\"row row-large\"  id=\"row-47299111\">\n\n\n\t<div id=\"col-580393992\" class=\"col medium-6 small-12 large-6\"  >\n\t\t<div class=\"col-inner\"  >\n\t\t\t\n\t\t\t\n\n\n\t\t<div class=\"icon-box featured-box icon-box-left text-left\"  >\n\t\t\t\t\t<div class=\"icon-box-img has-icon-bg\" style=\"width: 55px\">\n\t\t\t\t<div class=\"icon\">\n\t\t\t\t\t<div class=\"icon-inner\" style=\"border-width:3px;color:rgb(39, 54, 71);\">\n\t\t\t\t\t\t<img loading=\"lazy\" decoding=\"async\" width=\"120\" height=\"120\" src=\"https:\/\/reactivalab.ec\/wp-content\/uploads\/2021\/12\/computer-line.png\" class=\"attachment-medium size-medium\" alt=\"\" srcset=\"https:\/\/reactivalab.ec\/wp-content\/uploads\/2021\/12\/computer-line.png 120w, https:\/\/reactivalab.ec\/wp-content\/uploads\/2021\/12\/computer-line-100x100.png 100w\" sizes=\"auto, (max-width: 120px) 100vw, 120px\" \/>\t\t\t\t\t<\/div>\n\t\t\t\t<\/div>\n\t\t\t<\/div>\n\t\t\t\t<div class=\"icon-box-text last-reset\">\n\t\t\t\t\t\t\t\t\t\n\n\t<div id=\"text-969258901\" class=\"text\">\n\t\t\n\n<h3>Interactividad<\/h3>\n\t\t\n<style>\n#text-969258901 {\n  font-size: 1.25rem;\n}\n<\/style>\n\t<\/div>\n\t\n<p style=\"text-align: left;\">Los alumnos pueden ingresar a las aulas virtuales, las veces que necesiten, para: a) revisar los objetivos de aprendizaje, b) mirar los video tutoriales de cada experimento, c) responder los cuestionarios de evaluaci\u00f3n de conocimiento; y, monitorear las dem\u00e1s actividades s\u00edncronas y as\u00edncronas establecidas por los tutores.&nbsp;<\/p>\n\n\t\t<\/div>\n\t<\/div>\n\t\n\t\n\n\t\t<\/div>\n\t\t\t<\/div>\n\n\t\n\n\t<div id=\"col-1559515249\" class=\"col medium-6 small-12 large-6\"  >\n\t\t<div class=\"col-inner\"  >\n\t\t\t\n\t\t\t\n\n\n\t\t<div class=\"icon-box featured-box icon-box-left text-left\"  >\n\t\t\t\t\t<div class=\"icon-box-img has-icon-bg\" style=\"width: 55px\">\n\t\t\t\t<div class=\"icon\">\n\t\t\t\t\t<div class=\"icon-inner\" style=\"border-width:3px;color:rgb(39, 54, 71);\">\n\t\t\t\t\t\t<img loading=\"lazy\" decoding=\"async\" width=\"120\" height=\"120\" src=\"https:\/\/reactivalab.ec\/wp-content\/uploads\/2021\/12\/settings-4-line-1.png\" class=\"attachment-medium size-medium\" alt=\"\" srcset=\"https:\/\/reactivalab.ec\/wp-content\/uploads\/2021\/12\/settings-4-line-1.png 120w, https:\/\/reactivalab.ec\/wp-content\/uploads\/2021\/12\/settings-4-line-1-100x100.png 100w\" sizes=\"auto, (max-width: 120px) 100vw, 120px\" \/>\t\t\t\t\t<\/div>\n\t\t\t\t<\/div>\n\t\t\t<\/div>\n\t\t\t\t<div class=\"icon-box-text last-reset\">\n\t\t\t\t\t\t\t\t\t\n\n\t<div id=\"text-2976296226\" class=\"text\">\n\t\t\n\n<h3>Diversi\u00f3n<\/h3>\n\t\t\n<style>\n#text-2976296226 {\n  font-size: 1.25rem;\n}\n<\/style>\n\t<\/div>\n\t\n<p>Aprender Qu\u00edmica nunca fue tan divertido, interactivo y experimental como ahora, con el desarrollo de este producto que busca revolucionar el mundo de la ense\u00f1anza de las ciencias en Ecuador, Am\u00e9rica Latina y el mundo. La gran ventaja de este producto la experiencia de 35 a\u00f1os en los que Laboratorios HVO ha trabajado con ni\u00f1os y j\u00f3venes en el pa\u00eds.<\/p>\n\n\t\t<\/div>\n\t<\/div>\n\t\n\t\n\n\t\t<\/div>\n\t\t\t<\/div>\n\n\t\n\n\t<div id=\"col-213072056\" class=\"col medium-6 small-12 large-6\"  >\n\t\t<div class=\"col-inner\"  >\n\t\t\t\n\t\t\t\n\n\t<div id=\"gap-1336447799\" class=\"gap-element clearfix\" style=\"display:block; height:auto;\">\n\t\t\n<style>\n#gap-1336447799 {\n  padding-top: 15px;\n}\n<\/style>\n\t<\/div>\n\t\n\n\n\t\t<div class=\"icon-box featured-box icon-box-left text-left\"  >\n\t\t\t\t\t<div class=\"icon-box-img has-icon-bg\" style=\"width: 55px\">\n\t\t\t\t<div class=\"icon\">\n\t\t\t\t\t<div class=\"icon-inner\" style=\"border-width:3px;color:rgb(39, 54, 71);\">\n\t\t\t\t\t\t<img loading=\"lazy\" decoding=\"async\" width=\"120\" height=\"120\" src=\"https:\/\/reactivalab.ec\/wp-content\/uploads\/2021\/12\/stack-line-1.png\" class=\"attachment-medium size-medium\" alt=\"\" srcset=\"https:\/\/reactivalab.ec\/wp-content\/uploads\/2021\/12\/stack-line-1.png 120w, https:\/\/reactivalab.ec\/wp-content\/uploads\/2021\/12\/stack-line-1-100x100.png 100w\" sizes=\"auto, (max-width: 120px) 100vw, 120px\" \/>\t\t\t\t\t<\/div>\n\t\t\t\t<\/div>\n\t\t\t<\/div>\n\t\t\t\t<div class=\"icon-box-text last-reset\">\n\t\t\t\t\t\t\t\t\t\n\n\t<div id=\"text-3021063660\" class=\"text\">\n\t\t\n\n<h3>Propuesta de Valor<\/h3>\n\t\t\n<style>\n#text-3021063660 {\n  font-size: 1.25rem;\n}\n<\/style>\n\t<\/div>\n\t\n<p style=\"text-align: left;\">Reactivalab es un producto registrado por Laboratorios HVO SAS que busca fomentar la ense\u00f1anza de la Qu\u00edmica en los ni\u00f1os y j\u00f3venes de nuestro pa\u00eds. Para el efecto un grupo de profesionales -profesores, qu\u00edmicos, bi\u00f3logos, dise\u00f1adores, programadores web, economistas- se reunieron con el obejtivo de presentar un producto innovador, diferente, colaborativo, eduactivo y divertido para que incentivar el desarrollo de las habilidades cient\u00edficas en los estudiantes de entre 3 y 17 a\u00f1os.&nbsp;<\/p>\n\n\t\t<\/div>\n\t<\/div>\n\t\n\t\n\n\t\t<\/div>\n\t\t\t<\/div>\n\n\t\n\n\t<div id=\"col-353369752\" class=\"col medium-6 small-12 large-6\"  >\n\t\t<div class=\"col-inner\"  >\n\t\t\t\n\t\t\t\n\n\t<div id=\"gap-15849101\" class=\"gap-element clearfix\" style=\"display:block; height:auto;\">\n\t\t\n<style>\n#gap-15849101 {\n  padding-top: 15px;\n}\n<\/style>\n\t<\/div>\n\t\n\n\n\t\t<div class=\"icon-box featured-box icon-box-left text-left\"  >\n\t\t\t\t\t<div class=\"icon-box-img has-icon-bg\" style=\"width: 55px\">\n\t\t\t\t<div class=\"icon\">\n\t\t\t\t\t<div class=\"icon-inner\" style=\"border-width:3px;color:rgb(39, 54, 71);\">\n\t\t\t\t\t\t<img loading=\"lazy\" decoding=\"async\" width=\"120\" height=\"120\" src=\"https:\/\/reactivalab.ec\/wp-content\/uploads\/2021\/12\/customer-service-line.png\" class=\"attachment-medium size-medium\" alt=\"\" srcset=\"https:\/\/reactivalab.ec\/wp-content\/uploads\/2021\/12\/customer-service-line.png 120w, https:\/\/reactivalab.ec\/wp-content\/uploads\/2021\/12\/customer-service-line-100x100.png 100w\" sizes=\"auto, (max-width: 120px) 100vw, 120px\" \/>\t\t\t\t\t<\/div>\n\t\t\t\t<\/div>\n\t\t\t<\/div>\n\t\t\t\t<div class=\"icon-box-text last-reset\">\n\t\t\t\t\t\t\t\t\t\n\n\t<div id=\"text-4130245333\" class=\"text\">\n\t\t\n\n<h3>Soporte<\/h3>\n\t\t\n<style>\n#text-4130245333 {\n  font-size: 1.25rem;\n}\n<\/style>\n\t<\/div>\n\t\n<p style=\"text-align: left;\">En caso de problemas con la plataforma, dudas con los experimentos o emergencias relacionadas con la manipulaci\u00f3n del material y productos qu\u00edmicos, contactar inmediatemnete cono el whastapp 0962893822 y una operadora lo atender\u00e1 con mucho gusto.<\/p>\n\n\t\t<\/div>\n\t<\/div>\n\t\n\t\n\n\t\t<\/div>\n\t\t\t<\/div>\n\n\t\n\n<\/div>\n\n\t\t<\/div>\n\t\t\t<\/div>\n\n\t\n\n<\/div>\n\n\t\t<\/div>\n\n\t\t\n<style>\n#section_1781370240 {\n  padding-top: 25px;\n  padding-bottom: 25px;\n  background-color: rgb(233, 233, 233);\n}\n@media (min-width:850px) {\n  #section_1781370240 {\n    padding-top: 50px;\n    padding-bottom: 50px;\n  }\n}\n<\/style>\n\t<\/section>\n\t","protected":false},"excerpt":{"rendered":"","protected":false},"author":1,"featured_media":0,"parent":0,"menu_order":0,"comment_status":"closed","ping_status":"closed","template":"","meta":{"_joinchat":[],"footnotes":""},"class_list":["post-82","page","type-page","status-publish","hentry"],"_links":{"self":[{"href":"https:\/\/reactivalab.ec\/index.php\/wp-json\/wp\/v2\/pages\/82","targetHints":{"allow":["GET"]}}],"collection":[{"href":"https:\/\/reactivalab.ec\/index.php\/wp-json\/wp\/v2\/pages"}],"about":[{"href":"https:\/\/reactivalab.ec\/index.php\/wp-json\/wp\/v2\/types\/page"}],"author":[{"embeddable":true,"href":"https:\/\/reactivalab.ec\/index.php\/wp-json\/wp\/v2\/users\/1"}],"replies":[{"embeddable":true,"href":"https:\/\/reactivalab.ec\/index.php\/wp-json\/wp\/v2\/comments?post=82"}],"version-history":[{"count":8,"href":"https:\/\/reactivalab.ec\/index.php\/wp-json\/wp\/v2\/pages\/82\/revisions"}],"predecessor-version":[{"id":601,"href":"https:\/\/reactivalab.ec\/index.php\/wp-json\/wp\/v2\/pages\/82\/revisions\/601"}],"wp:attachment":[{"href":"https:\/\/reactivalab.ec\/index.php\/wp-json\/wp\/v2\/media?parent=82"}],"curies":[{"name":"wp","href":"https:\/\/api.w.org\/{rel}","templated":true}]}}